81 - 537 + 3*n - 541. Give w(-2).
-15
Let j(k) = k**2 + 8*k + 7. Let w(z) = -5*z + 69 - 33 + 3*z. Let h be w(21). What is j(h)?
-5
Let q be ((-6)/9)/(1/6). Let j(r) = r**2 + r. Let z(v) = 4*v**2 + 4*v - 5. Let s(o) = 3*j(o) - z(o). Give s(q).
-7
Let w(n) = 182*n - 94*n - 2 - 6 - 5*n**2 + 8*n**2 - 98*n. Give w(4).
0
Let u(t) = 125*t**3 - 3*t - 126*t**3 + 4*t - 9 + 0*t - 5*t**2. Determine u(-6).
21
Let o = -50 - -121. Let v(f) = 18*f - f**2 + 25*f + 7 + 20*f - o*f. Calculate v(-8).
7
Let g(f) be the first derivative of -f**3/3 + 7*f**2/2 - 5*f + 336. Determine g(3).
7
Let s be 2 + -2 - (0 - 2). Let t(b) = b**3 - 3*b**2 + b + b**2 - 2*b**s. Let a be (-21)/(-9) + (-16)/48. Determine t(a).
-6
Suppose 24*m - 127 = -55. Let i(x) = -x**3 + 3*x**2 + x + 5. What is i(m)?
8
Let m(d) = -3*d. Let v(w) = -2*w. Let x(l) = 3*m(l) - 5*v(l). Suppose -q + 4 = 3*q. Suppose -3*c + i = c + q, -5*c = 2*i + 11. Give x(c).
-1
Let s(j) = -2*j**3 + 12 - 2 - 5*j**2 - 4*j - 2*j**3 + 5*j**3. Let n(r) = 2*r**3 - 9*r**2 - 9*r + 20. Let y(x) = 3*n(x) - 7*s(x). Calculate y(8).
-2
Let c(m) be the third derivative of -1/8*m**4 - 1/3*m**3 + 0*m + 0 + 3*m**2. Determine c(-2).
4
Let o(q) = -q + 9. Let p(s) = -8*s + 19. Let z(m) = 9*m - 19. Let c(f) = -6*p(f) - 5*z(f). Let w(y) = 2*c(y) + 5*o(y). Calculate w(0).
7
Let c(o) = -o**3 + o**2 - o - 1. Suppose 0 = 16*n - 23*n. Determine c(n).
-1
Suppose -4*m + m = 3. Let c be m*2 + 24/4. Suppose 3*i - u = -24, 0*i + c*i + 5*u + 13 = 0. Let a(w) = w**3 + 6*w**2 - 8*w - 8. Give a(i).
-1
Let o(r) = -80*r**2 - 48*r - 21. Let k(b) = -37*b**2 - 23*b - 11. Let f(w) = 13*k(w) - 6*o(w). Give f(-9).
1
Let k(x) = 5*x - 18. Let v be k(4). Suppose v*b + 42 = 8*b. Let u(z) = 2*z + 4. Give u(b).
18
Suppose 0 = -3*t - t + 8. Suppose -7 = -t*f + p, -4*p - 9 = -p. Let a(u) = -3*u**2 - 13*u**3 + 12*u**3 + 3*u - 5*u + 5*u**2. Determine a(f).
-4
Let w = -23 - -24. Let a(n) = 24*n - 8*n - 3*n + w - 11*n. Let x(q) = -q**2 - 5*q. Let j be x(-3). Give a(j).
13
Let c(l) = -l**3 - 3*l**2 + 5*l + 4. Let r be c(-4). Let y be 3 + -2 - 16/(-8). Let s(o) = o**2 - o + y - 4*o**2 + 2*o**2. Determine s(r).
3
Let u(a) be the second derivative of -7*a + 0 + 2*a**2 - 1/12*a**4 + 1/2*a**3. Let q(c) = c**2 - 11*c + 15. Let g be q(10). What is u(g)?
-6
Let a = 25 - 60. Let k be (-30)/a - (-2)/14. Let b(q) = 140*q + 6*q**2 - 140*q + k. Determine b(1).
7
Let v(o) = -o**3 + 7*o**2 - 6*o - 8. Let q(b) = -2*b**2 - 10*b + 6. Suppose 0 = 2*p - 7 + 17. Let u be q(p). What is v(u)?
-8
Suppose 13*x + 205 = 192. Let s(v) = -v**3 + 1. Determine s(x).
2
Let s(l) = -l - 5. Let i(n) = -n - 6. Let p(b) = 2*i(b) - 3*s(b). Let w be -2*21/18 - 2/(-6). What is p(w)?
1
Let a(t) = -t**3 - 7*t**2 - 7*t - 7. Let i = 66 + -33. Suppose -i = 4*s - 9. Give a(s).
-1
Suppose -4*k + 54 = 5*b - 0*b, -2*k + 2 = 0. Let i be (-8 - 1)*(b/6)/5. Let n(s) = -s**2 + s + 4. Calculate n(i).
-8
Let n(j) = j**2 - 2*j - 3. Let f be n(-4). Let q be ((-12)/f - 8/(-14)) + -2. Let o(k) = -k - 1. Determine o(q).
1
Suppose 3*p - 15 = 2*y, 19 = 3*p + 4. Let j(h) = -4*h**2 - h**3 - 83*h + 87*h - 1 + y*h**2. Determine j(-5).
4
Let r(z) = z**2 - 148162*z + 148162*z - 4. Calculate r(0).
-4
Let z(p) = 0*p**2 + 9*p + p**3 - 6*p**2 + p**2 + 6 + 13*p**2. Calculate z(-7).
-8
Suppose 4*t - 2*t - 39 = -5*k, 2*t - 29 = -3*k. Let c(v) = v**3 - 8*v**2 + 2*v + 12. Determine c(t).
-23
Suppose s + 2*d + 3*d = 23, -s + 5*d = 7. Let m(o) = -s + 5*o + 2*o + 8. Suppose -4*g + 1 + 3 = 0. Give m(g).
7
Let f(t) = 572*t**2 + 40 - 571*t**2 - 46 - 3*t. Give f(4).
-2
Let p(n) = -3*n**2 + 19*n + 69. Let g be p(9). Let f(b) = -3*b**2 - 3*b + 2. Calculate f(g).
-16
Suppose v = 2*s + 7, 19 + 16 = -5*s - v. Let g(c) = c**3 + 6*c**2 + 2*c - 7. Determine g(s).
-19
Let j(n) = n**2 - 38*n - 44. Let s be j(39). Let y(i) = i**2 + 6*i + 6. Give y(s).
1
Let c(x) = -x**2 - 6*x + 4. Let f be -5*((-2 - (-3 - -3)) + 3). Let u(d) = 12 - 4 - 11*d + 2*d**2 - 2*d**2 - 2*d**2. Let p(g) = f*c(g) + 2*u(g). What is p(-8)?
-4
Let v(l) = l. Suppose -47*k = -42*k + 25. Let g(j) = 5*j + 27. Let z be g(k). Determine v(z).
2
Let r be (0 - (-3)/6)*116/(-29). Let x(q) = -3*q**2 - q + 1 + 0*q - q. Determine x(r).
-7
Let j(q) be the second derivative of -q**5/20 - 3*q**4/4 + 5*q**3/3 + 11*q**2/2 - 217*q. Determine j(-10).
11
Suppose 0*p = p, 3*w - 2*p = 18. Let m be 4/w - 4/(-3). Let s(k) = k**3 - k**2 + k. Give s(m).
6
Let i(s) be the first derivative of s**3/3 + 2*s**2 - 6*s - 98. What is i(4)?
26
Let y(n) = 1. Let c(p) = p + 9. Let u(x) = -c(x) + 3*y(x). Let k = 29 + -23. Let v be k/(-8) + 33/44. Give u(v).
-6
Let i(v) = 23*v**2 - 2*v - 8*v**2 - 9*v**2 + 3*v. Determine i(-1).
5
Let n = 3 + -6. Let a be (-1 - -2)/(n + 42/15). Let j(p) = 3*p + 4. What is j(a)?
-11
Let h(q) = 7*q**3 + 4*q**2 - 12. Let u(w) be the first derivative of 2*w**4 + 4*w**3/3 + w**2/2 - 13*w - 16. Let o(n) = 7*h(n) - 6*u(n). Give o(-5).
-1
Suppose 3*z + v + 9 - 4 = 0, -2*v = 4. Let p(i) = i**2 - 2. Give p(z).
-1
Suppose -14 = 5*h - 14. Suppose h*n + n = -4*i - 1, 1 = 5*i - n. Let r(x) = x**3 - x**2 - x + 5. Determine r(i).
5
Suppose 5*x - 20 = -0*x. Suppose -v + 2 = 0, 0 = 4*k + x*v - 0*v - 36. Let f(o) = -o**3 + 0*o + 0*o + 2 + 7*o**2 - k*o. What is f(6)?
-4
Let s(w) = w**2 - 16*w + 4. Let d be s(17). Let r = d - 15. Let o(g) = -7*g**2 + 19*g - 4. Let h(f) = 3*f**2 - 9*f + 2. Let l(u) = -5*h(u) - 2*o(u). Give l(r).
4
Let n(f) be the second derivative of 0*f**3 + 0 - 1/15*f**5 - 5/6*f**4 - 1/360*f**6 + f + 0*f**2. Let l(i) be the third derivative of n(i). What is l(-7)?
6
Let c(x) = 6*x**2 + 18 + 0*x**3 - x**3 - 12 - 5*x. Give c(4).
18
Let c(l) = -l**2 + 2298 - 2301 + 0*l + 2*l. Let s be 3/(-1*6)*-8. Give c(s).
-11
Let i(w) = 2*w + 13. Let g be i(-5). Let b(r) = -2*r**2 - 4*r + g*r**2 + 0*r**2 - 1 + 5*r. Calculate b(-3).
5
Let d(i) = -13*i**2 - i + 1. Suppose -5*a + 1 = -4. Let c = a - -1. Suppose -6 = -z - c*k + 1, 4*z - 4*k = -8. Give d(z).
-13
Let p be (-2 + 8 - (3 + 1)) + -5. Let o(q) = -q**2 - 4*q + 4. Determine o(p).
7
Let f(h) = -8 + 8 - 16*h + 0 + 14*h + 5. Give f(8).
-11
Suppose x = 4*x - 12, -5*i = -3*x - 33. Let n(k) be the second derivative of k**4/12 - 3*k**3/2 + 3*k**2/2 + k. Give n(i).
3
Let h be 1 + -3 - (0 + 1). Let s = 3 - h. Let t(u) = s*u + 2 + 11*u**2 - 12*u**2 - 2*u + u. Determine t(5).
2
Let q(y) = 170*y**2 - 83*y**2 - 2 - 85*y**2 - 2*y. Give q(-2).
10
Let m(n) = 807*n**3 - 808*n**3 - 33*n + 33*n**2 + 19 + 75 - 2*n**2. Let v be m(30). Let f(k) = k**2 + 0*k - 2 + 2*k - 5*k. What is f(v)?
2
Let o(y) = y**3 + 4*y**2 - 3. Suppose -4*s + 3*s + 3 = 0. Suppose -s*f + 4 = 2*i, i = -2*i + f - 16. Calculate o(i).
-3
Let a = -227 + 229. Let d(c) = c**2 - 5*c + 2. Give d(a).
-4
Let k be (93/(-12))/((-2)/8). Let g = -26 + k. Let l(o) = 2*o**3 + g*o**2 - 1 - o**3 - 10*o**2 + o. What is l(5)?
4
Let u(o) = -16 + 36*o**2 - 75*o**2 + 2 + 16*o + 38*o**2. What is u(14)?
14
Suppose -2*k + 3*l = 14, 12 = -0*k - 4*k - 2*l. Let g(d) = 2*d - 3. Let p(a) = 2*a - 3. Let i(m) = 4*g(m) - 5*p(m). Give i(k).
11
Let h(a) = -8*a**3 + 5*a**2 - 15*a - 9. Let m(j) = 16*j**3 - 11*j**2 + 32*j + 19. Let l(b) = -13*h(b) - 6*m(b). Give l(-1).
-7
Suppose -2*d - 3*h = -7*h + 24, -4*h + 16 = 0. Let k(n) be the third derivative of n**4/24 + 2*n**3/3 + 41*n**2 - n. Calculate k(d).
0
Let q(o) be the second derivative of o**7/504 - o**5/120 - 9*o**4/4 + 6*o. Let h(m) be the third derivative of q(m). Give h(1).
4
Let h be (6/(-9) - 2)*(-6)/4. Suppose -h*f + 11 = -5. Let w(a) be the first derivative of -2*a**3/3 + 3*a**2 - a - 1. Give w(f).
-9
Let q be (1 + -5)*9/(-18). Let m = 6 - q. Suppose -5*a = -r, a - 5 = -m*a. Let o(w) = -w**2 + 6*w - 1. Calculate o(r).
4
Let b(l) = l**2 + 5*l + 2. Suppose 0 = 2*y, -5*x + y - 39 + 159 = 0. Suppose -64*d = -60*d + x. Calculate b(d).
8
Let j be -1*(-2)/(-3)*12/(-4). Suppose 3*v + 2 = -h, 2*v - j = h - 0. Let k(a) = -a**3 + a - 16. Determine k(v).
-16
Suppose -d - 8*d + 18 = 0. Let f(u) = -2*u**3 + 2*u**2 + 2*u - 1. Calculate f(d).
-5
Let h(r) be the first derivative of -8*r**3/3 - r + 212. Determine h(-1).
-9
Let s be ((-36)/54)/(2/(-3))*3. Let x(c) = -c**2 + 3*c - 6. Determine x(s).
-6
Suppose -2*a = -0*u - 2*u + 8, 4*a + 3*u = -44. Let q be 6 + (-9)/((-36)/a). Let i(y) = y**3 - 2*y**2 - 4*y - 1. Wh